z + 5. Let t(g) = -2*g + 5. Calculate t(z).
-9
Let l(w) = w**2 - 7*w + 4. Let a = -14 + 18. Suppose 5*u + 5*q - 140 = 0, -5*u + 4*q - 6*q + 125 = 0. Suppose a*x + 3 = u. Calculate l(x).
-6
Let d(n) = 6*n**3 - 16*n**2 - 6*n - 1. Let o(i) = i**3 - 2*i**2 + 1. Let v(h) = -d(h) + 5*o(h). Give v(7).
-1
Let b(p) = p. Let r be b(0). Let k = 4 + r. Suppose 0 = -2*x - 2*x - k*v, -2*v = 4*x - 8. Let a(j) = j**3 - 5*j**2 + 7*j - 5. Determine a(x).
7
Let i(m) = -3*m**3 - m**2 - 2*m + 23. Let s(n) = -n**3 - n + 8. Let x(u) = -4*i(u) + 11*s(u). Let b = 36 - 40. Determine x(b).
8
Let h(t) be the first derivative of t**2 + 10*t + 590. Calculate h(-5).
0
Let f = 16 - 17. Let g(r) = 27*r**2. What is g(f)?
27
Let y(r) = -9*r**2 + 0*r - 3*r**3 + 6*r + 1125 - 1120 + 4*r**3. Give y(8).
-11
Let x(s) = s**2 + 14*s + 2. Let i be (-3)/12 + 162/(-24). Calculate x(i).
-47
Let n(j) = -7344*j - 2 + 2 + 7347*j. What is n(1)?
3
Let f(a) = 3*a - 1. Let c(s) = -3 - 8*s + 0*s + 0*s + 13*s. Let z(o) = 4*c(o) - 7*f(o). Suppose 3*r = -r - 24. What is z(r)?
1
Let b(m) = 12*m**3 + m**2 + 4*m + 3. Suppose -2*o = n + 7, -6*o + 3*n + 10 = -o. What is b(o)?
-12
Let j(a) = a**2 - 7*a - 1. Let z = 2 - -5. Let y be j(z). Let s(q) = -32 - q**3 + 33 + 0*q + 0*q. Determine s(y).
2
Let p(r) be the second derivative of r**5/60 + r**4/12 + 7*r**3/6 + 7*r. Let x(t) be the second derivative of p(t). Give x(2).
6
Let l(o) = -19*o + 252. Let j be l(13). Let i(g) = g**3 - 4*g**2 + g + 4. Give i(j).
34
Let s(d) be the second derivative of 1/12*d**4 + 5*d + 0 - 9/2*d**2 + 3/2*d**3. Let m be s(-10). Let o(v) = -9*v**3 - v**2 + 1. What is o(m)?
-9
Let l(b) = 14 + 1 + 0 - 14 + 6*b. What is l(-4)?
-23
Let l = -947 + 947. Let k(n) be the first derivative of -10 + l*n**2 + 1/3*n**3 - n - 4*n**4. Give k(1).
-16
Let f(c) = c**2 + 13*c + 16. Let i be f(-12). Suppose 5*x + 3*a + 60 = a, i*a + 22 = -3*x. Let h = -9 - x. Let s(t) = t**3 - 4*t**2 - 4*t + 3. Calculate s(h).
8
Let d(i) = i + 3. Let s be -2 + 16/6 + (-224)/48. Let t(y) = y**2 + 3*y - 1. Let p be t(s). Give d(p).
6
Let k(c) = -c**3 - 4*c**2 - c - 1. Suppose 3*a + 16 = -4*y, a + 14 = -3*a + 2*y. Determine k(a).
3
Let a = -2074 - -2075. Let d(b) = 2*b + 3. Calculate d(a).
5
Let g be 4*(-4 + 3)*(-9)/12. Suppose -3*t = -3*c - t - 9, g*t + 14 = -c. Let l(k) be the first derivative of -k**2/2 - k + 1. Give l(c).
4
Suppose 7*u - 2*u = -30. Let x be 3/((-6)/(-8))*(7 + u). Let y(n) = -n. What is y(x)?
-4
Let c be (3/(-2))/((-6)/(-8)). Let t(h) = -3*h + 1. Let s(f) = f + 1. Let y(q) = -4. Let v(k) = 3*s(k) + y(k). Let x(b) = 6*t(b) + 7*v(b). Give x(c).
-7
Let q(u) = 5*u + 3. Let m(c) = 4*c**3 + 2*c**2 + 2*c + 1. Let z be (-1 - -1)/(4/(-4)). Suppose -12*b + 16*b + 4 = z. Let y be m(b). Give q(y).
-12
Let m(b) = -5*b. Let c = 241 + -240. Determine m(c).
-5
Suppose -2*d - 71 = -j + 3*d, -5*j + 220 = 2*d. Let w = -50 + j. Let y(p) = -p**3 - 4*p**2 - 2*p. Calculate y(w).
8
Let d(o) = 3*o - 5. Let s(t) = -t + 29 - 29 - t. Let j be s(-2). Determine d(j).
7
Let m(s) = 2*s**2 + 18*s + 42. Let c be m(-3). Let j(w) = w**3 - 5*w**2 - 7*w + 2. Calculate j(c).
-4
Let f(p) = -p + 2. Let l be 0 + -6*(-1)/2. Suppose -5*n + 5*b + 70 = 0, -5*n - b = l*b - 43. Let d = 11 - n. Give f(d).
2
Let d(h) = -13*h + h**3 - 10 + 94683*h**2 - 94673*h**2 - 6. Determine d(-11).
6
Let k(u) = 2*u**2 - 13*u - 7. Let t be k(7). Let z = -6 + t. Let h(v) = v**2 + 6*v + 5. Determine h(z).
5
Let d be (-3)/(-2) + 3495/466. Let y(s) = -s**3 + 8*s**2 + 9*s - 10. What is y(d)?
-10
Let h(k) = k - 2. Let t(z) = 5*z - 5. Let x(m) = -3*h(m) + t(m). Let o be (-207)/(-63) - 4/14. Give x(o).
7
Let y(r) = 3*r + 55. Let a(z) = 66*z**2 + 529*z - 8. Let k be a(-8). Give y(k).
7
Let d(s) be the third derivative of 0 - 1/3*s**3 - 1/24*s**4 - 1/120*s**6 - 3*s**2 + 0*s - 7/60*s**5. Give d(-7).
5
Suppose -180*l + 183*l = -6. Let n(v) = -4*v - 5. Calculate n(l).
3
Let p(q) be the second derivative of -q**5/20 + q**4/2 + q**3/3 - q**2 - q. Suppose -100*o + 426 = -29*o. Give p(o).
10
Let b be 8 - ((-12844)/(-798) + 2/(-21)). Let u(l) = -8. Let m(w) = w - 7. Let g(n) = -2*m(n) + 3*u(n). Give g(b).
6
Let a be 15*(39/15 - 1). Suppose q = 2*q - a. Suppose 5*v + 8 + 3 = 3*l, 0 = 4*l - 2*v - q. Let s(k) = k - 5. Calculate s(l).
2
Let k = 6 + -6. Let z be (5 + k/1)*1. Let a(r) be the third derivative of -r**5/60 + 5*r**4/24 - r**3 - 10*r**2 - 3. Determine a(z).
-6
Let y = 205 + -202. Suppose 0 = -y*c + 5*c. Let q(m) = m**2 + m - 1. Let l(s) = 6*s**2 + 5*s + 3. Let i(g) = l(g) - 5*q(g). Calculate i(c).
8
Let x(c) = -6 - c - 12 + 32 - 14 - 11. Determine x(-14).
3
Let n(l) = l - 5*l - l**2 - 1 - 2*l. Let j(f) = -4*f**2 + 24*f - 6. Let q be j(6). Give n(q).
-1
Let m(o) = 4*o**2 - 3*o + 3. Let q(i) = -i**2 - 4. Let u(g) = g**2 + g + 9. Let d(z) = 5*q(z) + 2*u(z). Let b(f) = 3*d(f) + 2*m(f). Calculate b(1).
-1
Let y(p) = -5*p**2 + 2*p + 1. Let k be 3 + 5*(-5 - -4). What is y(k)?
-23
Let k = -29 + 29. Suppose k*m = -4*m - 20. Let o(y) = -8*y**2 + 21*y + 14. Let v(i) = -3*i**2 + 7*i + 5. Let s(p) = 4*o(p) - 11*v(p). Give s(m).
-9
Let w = -66 - -72. Let b(d) = -13*d - w + 4 + 3. What is b(-1)?
14
Suppose -2*y = -2*c - 7*y - 24, -3*y = c + 13. Let l(t) = -t**3 - 7*t**2 - 5*t - 4. What is l(c)?
31
Let v(g) = -4*g**2 + 3*g - 14. Let x(o) = -5*o**2 + 2*o - 15. Let m(u) = 6*v(u) - 5*x(u). What is m(-9)?
0
Suppose -6 = 4*t + 2. Let i(v) be the second derivative of v**4/6 + v**3/3 + v**2/2 + 92*v - 1. What is i(t)?
5
Suppose 0 = 1683*s - 1680*s + 18. Let d(h) = h**2 + 3*h - 12. Give d(s).
6
Let r = -20 + 22. Let v(w) = 3*w**2 - w + 1. Let m(b) = -10*b**2 + 2*b - 4. Let h(q) = r*m(q) + 7*v(q). Calculate h(4).
3
Suppose -4*a - 3*o + 14 = -22, -a - 2*o + 9 = 0. Suppose a + 11 = 5*k. Let w(y) = -y**3 + 5*y**2 - 7*y + 6. Give w(k).
-6
Let y be 2/10 - (-2)/(-10). Let g(i) = y + i**3 + 3*i**2 + 0 - 1 + i. Let n = 3 + -5. Calculate g(n).
1
Suppose -4*q = 3*d - 9, -116*d + 9 = -113*d. Let w(r) be the second derivative of -r**5/20 + r**4/12 + r**3/6 - 15*r**2/2 - 2*r. Give w(q).
-15
Suppose -b + 5*w = 20, -5*b - 4*w - 5 - 66 = 0. Let j be (-1)/b*111 - (-2)/(-5). Let r(t) = -t**3 + 8*t**2 - 6*t - 9. What is r(j)?
-2
Let i(p) = -p**3 + 2*p**2 - 1. Suppose 0 = 5*h - 7 - 3. Suppose 0 = 5*n, -3 = -4*w + h*n + 1. Determine i(w).
0
Let k(j) = -j**2 - 7*j - 7. Let h be k(-5). Let d(m) = -6*m + 1 + 1 - 3 + 3*m + 2*m**2. Calculate d(h).
8
Let y(t) be the second derivative of -1/12*t**4 + 0*t**3 + 0 + 8*t + t**2. What is y(-2)?
-2
Let b be (-4118)/994 - ((-60)/(-21) + -3). Let w(v) = 2*v**3 + 10*v**2 + 2*v - 6. Let y(f) = f**3 + 5*f**2 + f - 3. Let l(z) = -3*w(z) + 5*y(z). What is l(b)?
-9
Let a(x) = -13 + 2*x + 23*x**2 - 5*x - 17*x**2 - 7*x - 5*x**2. Determine a(11).
-2
Let b(i) be the first derivative of 1/3*i**3 + 4 + 2*i**2 + 0*i. Suppose 0 = -t - 2 - 3. Determine b(t).
5
Let r = 22 - 27. Let h = -3 + r. Let n(w) = w**2 + 6*w - 11. Calculate n(h).
5
Let p be 4/(2/(-4) - 0/(-6)). Let x(l) = l**3 + 9*l**2 + 10*l + 3. What is x(p)?
-13
Let c(u) be the second derivative of -u**4/3 - 5*u**3/6 + 3*u**2/2 + 37*u - 1. Calculate c(-3).
-18
Let m(v) = v**2 + 6*v - 5. Let b be m(-6). Let g(u) = -2*u - 12 + 8*u - 7*u. Calculate g(b).
-7
Let x(n) = -n + 6. Suppose 5*q = -6*d + 10*d + 31, 4*d + 1 = -5*q. Determine x(d).
10
Let i = -1941 + 1938. Let b(c) = 4*c + 4. Calculate b(i).
-8
Let w(t) = -4*t**3 - 2*t**2 + 5*t - 2. Let f(o) = -3*o - 9. Let r be f(-4). Let b(j) = j**3 - j**2. Let d(p) = r*b(p) + w(p). Calculate d(-6).
4
Let u(p) = p**3 + 8*p**2 + 9*p + 9. Suppose 5*b = l + 15, b + 2*l + 15 = 6*b. Suppose 6 = -b*z - 15. Determine u(z).
-5
Let a(p) = 15*p + 133. Let w be a(-9). Let z(n) = -n**3 - 4*n**2 + n. Calculate z(w).
-10
Suppose o - p - 86 = -o, 3*p + 123 = 3*o. Suppose 7*w = o - 24. Let k(u) = -4*u - 3. What is k(w)?
-15
Let z(b) = -b + 2. Suppose 5*v - 7*v = 0. Suppose 3*x - 11 - 7 = v. What is z(x)?
-4
Let j(g) = g**2 - g + 4. Let r be j(0). Let f(h) = 7*h**2 - 2*h - 2. Let t be f(-1). Let v(p) = p**2 - t - 3*p - 3*p**2 + 3*p**2 + 8. What is v(r)?
5
Let b(v) be the first derivative of 2*v**2 - 3 - 1/3*v**3 - v. Give b(5).
-6
Let c(p) be the second derivative of -p**5/20 + 7*p**4/12 + 4*p**3/3 + 3*p**2/2 + 130*p. What is c(8)?
3
Let p(q) = -39*q**3 + 13*q**3 - 